{"id":45,"date":"2024-03-22T12:01:20","date_gmt":"2024-03-22T11:01:20","guid":{"rendered":"https:\/\/www.tvorme-spolu.cz\/?page_id=45"},"modified":"2025-07-28T10:30:15","modified_gmt":"2025-07-28T08:30:15","slug":"o-projektu","status":"publish","type":"page","link":"https:\/\/www.tvorme-spolu.cz\/?page_id=45","title":{"rendered":"O PROJEKTU"},"content":{"rendered":"\n<figure class=\"wp-block-image size-large\"><img loading=\"lazy\" decoding=\"async\" width=\"1024\" height=\"241\" src=\"https:\/\/www.tvorme-spolu.cz\/wp-content\/uploads\/2025\/07\/CS_Co-fundedbytheEU_RGB_POS-1024x241.png\" alt=\"\" class=\"wp-image-622\" srcset=\"https:\/\/www.tvorme-spolu.cz\/wp-content\/uploads\/2025\/07\/CS_Co-fundedbytheEU_RGB_POS-1024x241.png 1024w, https:\/\/www.tvorme-spolu.cz\/wp-content\/uploads\/2025\/07\/CS_Co-fundedbytheEU_RGB_POS-300x71.png 300w, https:\/\/www.tvorme-spolu.cz\/wp-content\/uploads\/2025\/07\/CS_Co-fundedbytheEU_RGB_POS-768x181.png 768w, https:\/\/www.tvorme-spolu.cz\/wp-content\/uploads\/2025\/07\/CS_Co-fundedbytheEU_RGB_POS-1536x361.png 1536w, https:\/\/www.tvorme-spolu.cz\/wp-content\/uploads\/2025\/07\/CS_Co-fundedbytheEU_RGB_POS-2048x482.png 2048w\" sizes=\"auto, (max-width: 1024px) 100vw, 1024px\" \/><\/figure>\n\n\n\n<p>VO\u0160, SP\u0160 a SO\u0160 Strakonice v leto\u0161n\u00edm roce 2023\/24 z\u00edskala<strong>&nbsp;dal\u0161\u00ed grantovou podporu z programu Erasmus+<\/strong>&nbsp;na dvoulet\u00fd projekt v r\u00e1mci partnerstv\u00ed \u0161kol pro odborn\u00e9 vzd\u011bl\u00e1v\u00e1n\u00ed a p\u0159\u00edpravu. Partnerem projektu&nbsp;<strong>\u201eTvo\u0159me spolu!\u201c<\/strong>&nbsp;je slovensk\u00e1 St\u0159edn\u00ed odborn\u00e1 \u0161kola slu\u017eeb v Levic\u00edch a je zam\u011b\u0159en na kreativn\u00ed tvorbu \u017e\u00e1k\u016f oboru&nbsp;<strong>Obalov\u00e1 technika<\/strong>&nbsp;se zam\u011b\u0159en\u00edm na grafiku a design, a obor\u016f<strong>&nbsp;Kucha\u0159-\u010d\u00ed\u0161n\u00edk a Kade\u0159n\u00edk<\/strong>.<\/p>\n\n\n\n<p>Na\u0161e studentsk\u00e9 t\u00fdmy se z\u00fa\u010dastn\u00ed odborn\u00fdch mobilit v zahrani\u010d\u00ed a budou spole\u010dn\u011b pracovat na n\u00e1plni projektu a pozn\u00e1vat slovensk\u00e9 \u0161kolstv\u00ed, kulturu a \u017eivotn\u00ed styl. T\u00e9maty v\u00fdm\u011bn grafick\u00fdch obor\u016f je nap\u0159. tvorba webu a propaga\u010dn\u00edho videa, n\u00e1vrh a v\u00fdroba propaga\u010dn\u00edch materi\u00e1l\u016f, digit\u00e1ln\u00ed fotografie a sazba tiskovin. Kucha\u0159i se budou v\u011bnovat v\u00fdrobk\u016fm studen\u00e9 kuchyn\u011b a zdrav\u00e9 v\u00fd\u017eiv\u011b, kade\u0159nice zas modern\u00edm p\u00e1nsk\u00fdm a d\u00e1msk\u00fdm st\u0159ih\u016fm.&nbsp;Z jejich tvorby vzniknou op\u011bt projektov\u00e9 fotoknihy a videa pracovn\u00edch postup\u016f.<\/p>\n\n\n\n<div class=\"wp-block-columns is-layout-flex wp-container-core-columns-is-layout-9d6595d7 wp-block-columns-is-layout-flex\">\n<div class=\"wp-block-column is-layout-flow wp-block-column-is-layout-flow\" style=\"flex-basis:100%\">\n<blockquote class=\"wp-block-quote is-layout-flow wp-block-quote-is-layout-flow\">\n<p>Financov\u00e1no Evropskou uni\u00ed.<\/p>\n<cite>Vyj\u00e1d\u0159en\u00e9 n\u00e1zory a stanoviska p\u0159edstavuj\u00ed n\u00e1zory a stanoviska autor\u016f a nemus\u00ed nutn\u011b odr\u00e1\u017eet n\u00e1zory a stanoviska Evropsk\u00e9 unie nebo Domu zahrani\u010dn\u00ed spolupr\u00e1ce. Evropsk\u00e1 unie ani poskytovatel grantu za n\u011b nenesou odpov\u011bdnost.<\/cite><\/blockquote>\n<\/div>\n<\/div>\n\n\n\n<h2 class=\"wp-block-heading\">\u00da\u010dastn\u00edci<\/h2>\n\n\n\n<p><strong>Vy\u0161\u0161\u00ed odborn\u00e1 \u0161kola, St\u0159edn\u00ed pr\u016fmyslov\u00e1 \u0161kola a St\u0159edn\u00ed odborn\u00e1 \u0161kola \u0159emesel a slu\u017eeb,<br>Strakonice<\/strong><\/p>\n\n\n\n<p><a href=\"https:\/\/www.ssst.cz\/\" target=\"_blank\" rel=\"noreferrer noopener\">https:\/\/www.ssst.cz\/<\/a><\/p>\n\n\n\n<p>Ing. Ger\u010d\u00e1kov\u00e1 Martina&nbsp;&nbsp;&nbsp;&nbsp;&nbsp; <br>tel. +420 774 151 868&nbsp;&nbsp;&nbsp;&nbsp;&nbsp;&nbsp;&nbsp;&nbsp; <br>e-mail:&nbsp; <a href=\"mailto:gercakova@ssst.cz\">gercakova@ssst.cz<\/a> OID: E10178253<br><br><\/p>\n\n\n\n<p><strong>Stredn\u00e1 odborn\u00e1 \u0161kola slu\u017eieb, Ul. sv. Michala 36, Levice<\/strong><\/p>\n\n\n\n<p><a href=\"https:\/\/www.soslevice.sk\/\" target=\"_blank\" rel=\"noreferrer noopener\">https:\/\/www.soslevice.sk<\/a><\/p>\n\n\n\n<p>Ing. Andrea Roh\u00e1\u010dov\u00e1 <br>tel.: 036 6312 471 <br>mobil: 0911 720 695 <br>e-mail:&nbsp; <a href=\"mailto:zastupca.tv@soslevice.sk\">zastupca.tv@soslevice.sk<\/a> <br>OID: E10040388<\/p>\n\n\n\n<p><br><\/p>\n\n\n\n<h2 class=\"wp-block-heading\">Term\u00edny mobilit<\/h2>\n\n\n\n<ul class=\"wp-block-list\">\n<li><strong>6. &#8211; 11. 11. 2023 <\/strong><br><a href=\"https:\/\/www.tvorme-spolu.cz\/?p=168\" data-type=\"link\" data-id=\"https:\/\/www.tvorme-spolu.cz\/?p=168\">Obalov\u00e1 technika a Grafici &#8211; Levice<\/a><br>1. Mobilita SR<\/li>\n\n\n\n<li><strong>27. 11. &#8211; 2. 12. 2023 <br><\/strong><a href=\"https:\/\/www.tvorme-spolu.cz\/?p=281\" data-type=\"link\" data-id=\"https:\/\/www.tvorme-spolu.cz\/?p=281\">Kucha\u0159 &#8211; \u010d\u00ed\u0161n\u00edk a Kade\u0159nice &#8211; Strakonice<\/a><br>1. Mobililta \u010cR<\/li>\n\n\n\n<li><strong>18. &#8211; 23. 3. 2024 <\/strong><br><a href=\"https:\/\/www.tvorme-spolu.cz\/?p=344\">Kucha\u0159 &#8211; \u010d\u00ed\u0161n\u00edk a Kade\u0159nice &#8211; Levice<\/a><br>1. Mobilita SR<\/li>\n\n\n\n<li><strong>8. &#8211; 13. 4. 2024 <\/strong><br><a href=\"https:\/\/www.tvorme-spolu.cz\/?p=177\" data-type=\"link\" data-id=\"https:\/\/www.tvorme-spolu.cz\/?p=177\">Obalov\u00e1 technika a Grafici &#8211; Strakonice<\/a><br>1. Mobilita \u010cR<\/li>\n\n\n\n<li><strong>23. &#8211; 28. 9. 2024 <\/strong><br><a href=\"https:\/\/www.tvorme-spolu.cz\/?p=402\">Kucha\u0159 &#8211; \u010d\u00ed\u0161n\u00edk a Kade\u0159nice &#8211; Strakonice<\/a><br>2. Mobilita \u010cR<\/li>\n\n\n\n<li><strong>14. &#8211; 19. 10. 2024 <\/strong><br><a href=\"https:\/\/www.tvorme-spolu.cz\/?p=428\">Obalov\u00e1 technika a Grafici &#8211; Strakonice<\/a><br>2. Mobilita \u010cR<\/li>\n\n\n\n<li><strong>3. &#8211;  7. 3. 2025<\/strong><br><a href=\"https:\/\/www.tvorme-spolu.cz\/?p=509\">Kucha\u0159 &#8211; \u010d\u00ed\u0161n\u00edk a Kade\u0159nice &#8211; Levice<\/a><br>2. Mobilita SR<\/li>\n\n\n\n<li><strong>24. &#8211; 29. 3. 2025<\/strong><br><a href=\"https:\/\/www.tvorme-spolu.cz\/?p=484\">Obalov\u00e1 technika  a Grafici &#8211; Levice<\/a><br>2. Mobilita SR<\/li>\n<\/ul>\n","protected":false},"excerpt":{"rendered":"<p>VO\u0160, SP\u0160 a SO\u0160 Strakonice v leto\u0161n\u00edm roce 2023\/24 z\u00edskala&nbsp;dal\u0161\u00ed grantovou podporu z programu Erasmus+&nbsp;na dvoulet\u00fd projekt v r\u00e1mci partnerstv\u00ed \u0161kol pro odborn\u00e9 vzd\u011bl\u00e1v\u00e1n\u00ed a p\u0159\u00edpravu. Partnerem projektu&nbsp;\u201eTvo\u0159me spolu!\u201c&nbsp;je slovensk\u00e1 &#8230;<\/p>\n","protected":false},"author":1,"featured_media":0,"parent":27,"menu_order":0,"comment_status":"closed","ping_status":"closed","template":"template-fullwidth.php","meta":{"footnotes":""},"class_list":["post-45","page","type-page","status-publish","hentry"],"_links":{"self":[{"href":"https:\/\/www.tvorme-spolu.cz\/index.php?rest_route=\/wp\/v2\/pages\/45","targetHints":{"allow":["GET"]}}],"collection":[{"href":"https:\/\/www.tvorme-spolu.cz\/index.php?rest_route=\/wp\/v2\/pages"}],"about":[{"href":"https:\/\/www.tvorme-spolu.cz\/index.php?rest_route=\/wp\/v2\/types\/page"}],"author":[{"embeddable":true,"href":"https:\/\/www.tvorme-spolu.cz\/index.php?rest_route=\/wp\/v2\/users\/1"}],"replies":[{"embeddable":true,"href":"https:\/\/www.tvorme-spolu.cz\/index.php?rest_route=%2Fwp%2Fv2%2Fcomments&post=45"}],"version-history":[{"count":31,"href":"https:\/\/www.tvorme-spolu.cz\/index.php?rest_route=\/wp\/v2\/pages\/45\/revisions"}],"predecessor-version":[{"id":626,"href":"https:\/\/www.tvorme-spolu.cz\/index.php?rest_route=\/wp\/v2\/pages\/45\/revisions\/626"}],"up":[{"embeddable":true,"href":"https:\/\/www.tvorme-spolu.cz\/index.php?rest_route=\/wp\/v2\/pages\/27"}],"wp:attachment":[{"href":"https:\/\/www.tvorme-spolu.cz\/index.php?rest_route=%2Fwp%2Fv2%2Fmedia&parent=45"}],"curies":[{"name":"wp","href":"https:\/\/api.w.org\/{rel}","templated":true}]}}