{"id":64,"date":"2024-03-22T12:07:15","date_gmt":"2024-03-22T11:07:15","guid":{"rendered":"https:\/\/www.tvorme-spolu.cz\/?page_id=64"},"modified":"2024-09-15T10:06:12","modified_gmt":"2024-09-15T08:06:12","slug":"kontakty","status":"publish","type":"page","link":"https:\/\/www.tvorme-spolu.cz\/?page_id=64","title":{"rendered":"KONTAKT"},"content":{"rendered":"\n<h3 class=\"wp-block-heading\" style=\"text-transform:uppercase\"><strong>KOORDIN\u00c1TOR CZ<\/strong><\/h3>\n\n\n\n<p style=\"font-size:18px\"><strong>Ing. Ger\u010d\u00e1kov\u00e1 Martina<\/strong><\/p>\n\n\n\n<p><strong>gercakova@ssst.cz<\/strong><\/p>\n\n\n\n<p><strong>+420 774 151&nbsp;868&nbsp;<\/strong><\/p>\n\n\n\n<h3 class=\"wp-block-heading\" style=\"text-transform:uppercase\"><strong>Koordinator SVK<\/strong><\/h3>\n\n\n\n<p style=\"font-size:18px\"><strong>Ing. Andrea Roh\u00e1\u010dov\u00e1<\/strong><\/p>\n\n\n\n<p><strong>zastupca.tv@soslevice.sk<\/strong><\/p>\n\n\n\n<p><strong>+421 036 6312 471<\/strong><\/p>\n\n\n\n<h3 class=\"wp-block-heading\" style=\"text-transform:uppercase\"><strong>S\u00eddla \u0160kol<\/strong><\/h3>\n\n\n\n<p class=\"has-black-color has-text-color has-link-color wp-elements-76a1b4e3981f5aff96565cfaea46df5b\" style=\"font-size:20px\"><strong>Vy\u0161\u0161\u00ed odborn\u00e1 \u0161kola, St\u0159edn\u00ed pr\u016fmyslov\u00e1 \u0161kola a St\u0159edn\u00ed odborn\u00e1 \u0161kola<br>\u0159emesel a slu\u017eeb Strakonice<\/strong><\/p>\n\n\n\n<p><strong>386 01 Strakonice<br>\u017delivsk\u00e9ho 291<\/strong><\/p>\n\n\n\n<p class=\"has-text-align-left has-text-color has-background has-link-color wp-elements-ee353c51d437516c12fb62813b63d4ed\" style=\"color:#666666;background:linear-gradient(90deg,rgb(221,241,255) 0%,rgb(255,255,255) 100%);font-size:15px\"><a href=\"https:\/\/ww.ssst.cz\" data-type=\"link\" data-id=\"https:\/\/ww.ssst.cz\"><strong>web \u0161koly<\/strong>: www.ssst.cz<\/a><\/p>\n\n\n\n<p class=\"has-black-color has-text-color has-link-color wp-elements-2d3285adf0c0cde727763f4e91c92671\" style=\"font-size:20px\"><strong>Stredn\u00e1 odborn\u00e1 \u0161kola slu\u017eieb Levice<\/strong><\/p>\n\n\n\n<p><strong>934 01 Levice<br>Ul. sv. Michala 36<\/strong><\/p>\n\n\n\n<p class=\"has-text-color has-background has-link-color wp-elements-b6120e138692ab963916710e8efc9674\" style=\"color:#666666;background:linear-gradient(90deg,rgb(221,241,255) 0%,rgb(255,255,255) 100%);font-size:15px\"><a href=\"htttps:\/\/www.soslevice.cz\" data-type=\"link\" data-id=\"htttps:\/\/www.soslevice.cz\"><strong>web \u0161koly<\/strong>: www.soslevice.sk<\/a><\/p>\n\n\n\n<hr class=\"wp-block-separator has-alpha-channel-opacity\"\/>\n","protected":false},"excerpt":{"rendered":"<p>KOORDIN\u00c1TOR CZ Ing. Ger\u010d\u00e1kov\u00e1 Martina gercakova@ssst.cz +420 774 151&nbsp;868&nbsp; Koordinator SVK Ing. Andrea Roh\u00e1\u010dov\u00e1 zastupca.tv@soslevice.sk +421 036 6312 471 S\u00eddla \u0160kol Vy\u0161\u0161\u00ed odborn\u00e1 \u0161kola, St\u0159edn\u00ed pr\u016fmyslov\u00e1 \u0161kola a St\u0159edn\u00ed odborn\u00e1 &#8230;<\/p>\n","protected":false},"author":1,"featured_media":0,"parent":27,"menu_order":0,"comment_status":"closed","ping_status":"closed","template":"template-fullwidth.php","meta":{"footnotes":""},"class_list":["post-64","page","type-page","status-publish","hentry"],"_links":{"self":[{"href":"https:\/\/www.tvorme-spolu.cz\/index.php?rest_route=\/wp\/v2\/pages\/64","targetHints":{"allow":["GET"]}}],"collection":[{"href":"https:\/\/www.tvorme-spolu.cz\/index.php?rest_route=\/wp\/v2\/pages"}],"about":[{"href":"https:\/\/www.tvorme-spolu.cz\/index.php?rest_route=\/wp\/v2\/types\/page"}],"author":[{"embeddable":true,"href":"https:\/\/www.tvorme-spolu.cz\/index.php?rest_route=\/wp\/v2\/users\/1"}],"replies":[{"embeddable":true,"href":"https:\/\/www.tvorme-spolu.cz\/index.php?rest_route=%2Fwp%2Fv2%2Fcomments&post=64"}],"version-history":[{"count":20,"href":"https:\/\/www.tvorme-spolu.cz\/index.php?rest_route=\/wp\/v2\/pages\/64\/revisions"}],"predecessor-version":[{"id":315,"href":"https:\/\/www.tvorme-spolu.cz\/index.php?rest_route=\/wp\/v2\/pages\/64\/revisions\/315"}],"up":[{"embeddable":true,"href":"https:\/\/www.tvorme-spolu.cz\/index.php?rest_route=\/wp\/v2\/pages\/27"}],"wp:attachment":[{"href":"https:\/\/www.tvorme-spolu.cz\/index.php?rest_route=%2Fwp%2Fv2%2Fmedia&parent=64"}],"curies":[{"name":"wp","href":"https:\/\/api.w.org\/{rel}","templated":true}]}}